{"id":210,"date":"2017-05-26T12:02:15","date_gmt":"2017-05-26T12:02:15","guid":{"rendered":"https:\/\/wporganic.com\/theme\/architecture\/?page_id=210"},"modified":"2024-04-10T01:28:30","modified_gmt":"2024-04-10T01:28:30","slug":"contact-us","status":"publish","type":"page","link":"http:\/\/www.417.com.tr\/index.php\/contact-us\/","title":{"rendered":"\u0130leti\u015fim"},"content":{"rendered":"<p><section class=\"kc-elm kc-css-860813 kc_row\"><div class=\"kc-row-container  kc-container\"><div class=\"kc-wrap-columns\"><div class=\"kc-elm kc-css-689949 kc_col-sm-7 kc_column kc_col-sm-7 col-sm-12\"><div class=\"kc-col-container\"><div class=\"kc-elm kc-css-403997 kc_text_block\"><\/p>\n<p>\u0130LET\u0130\u015e\u0130M B\u0130LG\u0130LER\u0130<\/p>\n<p>\n<\/div><div class=\"kc-elm kc-css-274599 kc_text_block\"><\/p>\n<p>Size en uygun ileti\u015fim y\u00f6ntemini se\u00e7erek, bizimle kolayca ileti\u015fime ge\u00e7ebilirsiniz. Sorular\u0131n\u0131z\u0131, \u00f6nerilerinizi veya i\u015fbirli\u011fi taleplerinizi bekliyoruz. Size en k\u0131sa s\u00fcrede yan\u0131t vermek i\u00e7in buraday\u0131z.<\/p>\n<p>\n<\/div><\/div><\/div><div class=\"kc-elm kc-css-926070 kc_col-sm-5 kc_column kc_col-sm-5\"><div class=\"kc-col-container\"><\/div><\/div><\/div><\/div><\/section><section class=\"kc-elm kc-css-432115 kc_row\"><div class=\"kc-row-container  kc-container\"><div class=\"kc-wrap-columns\"><div class=\"kc-elm kc-css-227022 kc_col-sm-4 kc_column kc_col-sm-4\"><div class=\"kc-col-container\"><div class=\"kc-elm kc-css-978876 kc_row kc_row_inner\"><div class=\"kc-elm kc-css-676942 kc_col-sm-3 kc_column_inner kc_col-sm-3\"><div class=\"kc_wrapper kc-col-inner-container\"><div class=\"kc-elm kc-css-996700 kc-icon-wrapper\">\n\t\t<i class=\"sl-call-in\"><\/i>\n\t<\/div>\n<\/div><\/div><div class=\"kc-elm kc-css-731838 kc_col-sm-9 kc_column_inner kc_col-sm-9\"><div class=\"kc_wrapper kc-col-inner-container\"><div class=\"kc-elm kc-css-141694 kc_text_block\"><\/p>\n<p>TELEFON NUMARASI<\/p>\n<p>\n<\/div><div class=\"kc-elm kc-css-472445 kc_text_block\"><\/p>\n<p>+90 545 521 80 00<br \/>+90 530 934 89 28<\/p>\n<p>\n<\/div><\/div><\/div><\/div><\/div><\/div><div class=\"kc-elm kc-css-679815 kc_col-sm-4 kc_column kc_col-sm-4\"><div class=\"kc-col-container\"><div class=\"kc-elm kc-css-872803 kc_row kc_row_inner\"><div class=\"kc-elm kc-css-145045 kc_col-sm-3 kc_column_inner kc_col-sm-3\"><div class=\"kc_wrapper kc-col-inner-container\"><div class=\"kc-elm kc-css-317726 kc-icon-wrapper\">\n\t\t<i class=\"icon-email-1\"><\/i>\n\t<\/div>\n<\/div><\/div><div class=\"kc-elm kc-css-436759 kc_col-sm-9 kc_column_inner kc_col-sm-9\"><div class=\"kc_wrapper kc-col-inner-container\"><div class=\"kc-elm kc-css-861544 kc_text_block\"><\/p>\n<p>EMAIL<\/p>\n<p>\n<\/div><div class=\"kc-elm kc-css-449354 kc_text_block\"><\/p>\n<p>info@417.com.tr<\/p>\n<p>\n<\/div><\/div><\/div><\/div><\/div><\/div><div class=\"kc-elm kc-css-694303 kc_col-sm-4 kc_column kc_col-sm-4\"><div class=\"kc-col-container\"><div class=\"kc-elm kc-css-780084 kc_row kc_row_inner\"><div class=\"kc-elm kc-css-234258 kc_col-sm-3 kc_column_inner kc_col-sm-3\"><div class=\"kc_wrapper kc-col-inner-container\"><div class=\"kc-elm kc-css-851145 kc-icon-wrapper\">\n\t\t<i class=\"et-map\"><\/i>\n\t<\/div>\n<\/div><\/div><div class=\"kc-elm kc-css-671901 kc_col-sm-9 kc_column_inner kc_col-sm-9\"><div class=\"kc_wrapper kc-col-inner-container\"><div class=\"kc-elm kc-css-384324 kc_text_block\"><\/p>\n<p>ADRES<\/p>\n<p>\n<\/div><div class=\"kc-elm kc-css-526188 kc_text_block\"><\/p>\n<p>Battalgazi, \u00c7atyol \u00c7ar\u015f\u0131s\u0131, Sivas Cd. No 500\/54, 44010 Battalgazi\/Malatya<\/p>\n<p>\n<\/div><\/div><\/div><\/div><\/div><\/div><\/div><\/div><\/section><\/p>\n","protected":false},"excerpt":{"rendered":"","protected":false},"author":1,"featured_media":0,"parent":0,"menu_order":8,"comment_status":"closed","ping_status":"closed","template":"","meta":{"footnotes":""},"_links":{"self":[{"href":"http:\/\/www.417.com.tr\/index.php\/wp-json\/wp\/v2\/pages\/210"}],"collection":[{"href":"http:\/\/www.417.com.tr\/index.php\/wp-json\/wp\/v2\/pages"}],"about":[{"href":"http:\/\/www.417.com.tr\/index.php\/wp-json\/wp\/v2\/types\/page"}],"author":[{"embeddable":true,"href":"http:\/\/www.417.com.tr\/index.php\/wp-json\/wp\/v2\/users\/1"}],"replies":[{"embeddable":true,"href":"http:\/\/www.417.com.tr\/index.php\/wp-json\/wp\/v2\/comments?post=210"}],"version-history":[{"count":2,"href":"http:\/\/www.417.com.tr\/index.php\/wp-json\/wp\/v2\/pages\/210\/revisions"}],"predecessor-version":[{"id":643,"href":"http:\/\/www.417.com.tr\/index.php\/wp-json\/wp\/v2\/pages\/210\/revisions\/643"}],"wp:attachment":[{"href":"http:\/\/www.417.com.tr\/index.php\/wp-json\/wp\/v2\/media?parent=210"}],"curies":[{"name":"wp","href":"https:\/\/api.w.org\/{rel}","templated":true}]}}